{"id":690,"date":"2022-12-13T01:50:13","date_gmt":"2022-12-13T01:50:13","guid":{"rendered":"https:\/\/shtheme.com\/demosd\/edumart\/?page_id=690"},"modified":"2026-03-30T11:53:09","modified_gmt":"2026-03-30T10:53:09","slug":"inscription-en-ligne","status":"publish","type":"page","link":"https:\/\/institutbigacademy.com\/website\/inscription-en-ligne\/","title":{"rendered":"s&rsquo;inscrire"},"content":{"rendered":"\t\t<div data-elementor-type=\"wp-page\" data-elementor-id=\"690\" class=\"elementor elementor-690\" data-elementor-post-type=\"page\">\n\t\t\t\t\t\t<section class=\"elementor-section elementor-top-section elementor-element elementor-element-8fa6187 elementor-section-boxed elementor-section-height-default elementor-section-height-default\" data-id=\"8fa6187\" data-element_type=\"section\" data-e-type=\"section\" data-settings=\"{&quot;background_background&quot;:&quot;classic&quot;}\">\n\t\t\t\t\t\t<div class=\"elementor-container elementor-column-gap-default\">\n\t\t\t\t\t<div class=\"elementor-column elementor-col-100 elementor-top-column elementor-element elementor-element-143856d\" data-id=\"143856d\" data-element_type=\"column\" data-e-type=\"column\" data-settings=\"{&quot;background_background&quot;:&quot;classic&quot;}\">\n\t\t\t<div class=\"elementor-widget-wrap elementor-element-populated\">\n\t\t\t\t\t\t<div class=\"elementor-element elementor-element-5353b26 elementor-widget elementor-widget-heading\" data-id=\"5353b26\" data-element_type=\"widget\" data-e-type=\"widget\" data-widget_type=\"heading.default\">\n\t\t\t\t<div class=\"elementor-widget-container\">\n\t\t\t\t\t<h1 class=\"elementor-heading-title elementor-size-default\">fiche d'inscription<\/h1>\t\t\t\t<\/div>\n\t\t\t\t<\/div>\n\t\t\t\t\t<\/div>\n\t\t<\/div>\n\t\t\t\t\t<\/div>\n\t\t<\/section>\n\t\t\t\t<section class=\"elementor-section elementor-top-section elementor-element elementor-element-56b9249 elementor-section-boxed elementor-section-height-default elementor-section-height-default\" data-id=\"56b9249\" data-element_type=\"section\" data-e-type=\"section\">\n\t\t\t\t\t\t<div class=\"elementor-container elementor-column-gap-default\">\n\t\t\t\t\t<div class=\"elementor-column elementor-col-100 elementor-top-column elementor-element elementor-element-1b4c661\" data-id=\"1b4c661\" data-element_type=\"column\" data-e-type=\"column\">\n\t\t\t<div class=\"elementor-widget-wrap elementor-element-populated\">\n\t\t\t\t\t\t<div class=\"elementor-element elementor-element-5fa2e5a elementor-widget elementor-widget-text-editor\" data-id=\"5fa2e5a\" data-element_type=\"widget\" data-e-type=\"widget\" data-widget_type=\"text-editor.default\">\n\t\t\t\t<div class=\"elementor-widget-container\">\n\t\t\t\t\t\t\t\t\t<p>Pour vous inscrire, veuillez remplir la fiche d&rsquo;inscription ci-dessous.<\/p>\t\t\t\t\t\t\t\t<\/div>\n\t\t\t\t<\/div>\n\t\t\t\t<div class=\"elementor-element elementor-element-6c742e4 elementor-button-align-stretch elementor-widget elementor-widget-form\" data-id=\"6c742e4\" data-element_type=\"widget\" data-e-type=\"widget\" data-settings=\"{&quot;step_next_label&quot;:&quot;Next&quot;,&quot;step_previous_label&quot;:&quot;Previous&quot;,&quot;button_width&quot;:&quot;100&quot;,&quot;step_type&quot;:&quot;number_text&quot;,&quot;step_icon_shape&quot;:&quot;circle&quot;}\" data-widget_type=\"form.default\">\n\t\t\t\t<div class=\"elementor-widget-container\">\n\t\t\t\t\t\t\t<form class=\"elementor-form\" method=\"post\" name=\"Nouveau Inscription\">\n\t\t\t<input type=\"hidden\" name=\"post_id\" value=\"690\"\/>\n\t\t\t<input type=\"hidden\" name=\"form_id\" value=\"6c742e4\"\/>\n\t\t\t<input type=\"hidden\" name=\"referer_title\" value=\"\" \/>\n\n\t\t\t\n\t\t\t<div class=\"elementor-form-fields-wrapper elementor-labels-above\">\n\t\t\t\t\t\t\t\t<div class=\"elementor-field-type-text elementor-field-group elementor-column elementor-field-group-name elementor-col-100 elementor-field-required elementor-mark-required\">\n\t\t\t\t\t\t\t\t\t\t\t\t<label for=\"form-field-name\" class=\"elementor-field-label\">\n\t\t\t\t\t\t\t\tNom et Pr\u00e9nom - \u0627\u0644\u0625\u0633\u0645 \u0627\u0644\u0643\u0627\u0645\u0644\t\t\t\t\t\t\t<\/label>\n\t\t\t\t\t\t\t\t\t\t\t\t\t\t<input size=\"1\" type=\"text\" name=\"form_fields[name]\" id=\"form-field-name\" class=\"elementor-field elementor-size-md  elementor-field-textual\" placeholder=\"Votre nom complet\" required=\"required\" aria-required=\"true\">\n\t\t\t\t\t\t\t\t\t\t\t<\/div>\n\t\t\t\t\t\t\t\t<div class=\"elementor-field-type-number elementor-field-group elementor-column elementor-field-group-field_583a03d elementor-col-100 elementor-field-required elementor-mark-required\">\n\t\t\t\t\t\t\t\t\t\t\t\t<label for=\"form-field-field_583a03d\" class=\"elementor-field-label\">\n\t\t\t\t\t\t\t\tT\u00e9l\u00e9phone \/ \u0631\u0642\u0645 \u0627\u0644\u0647\u0627\u062a\u0641\t\t\t\t\t\t\t<\/label>\n\t\t\t\t\t\t\t\t\t<input type=\"number\" name=\"form_fields[field_583a03d]\" id=\"form-field-field_583a03d\" class=\"elementor-field elementor-size-md  elementor-field-textual\" required=\"required\" aria-required=\"true\" min=\"\" max=\"\" >\n\t\t\t\t\t\t<\/div>\n\t\t\t\t\t\t\t\t<div class=\"elementor-field-type-select elementor-field-group elementor-column elementor-field-group-field_6e195cc elementor-col-100 elementor-field-required elementor-mark-required\">\n\t\t\t\t\t\t\t\t\t\t\t\t<label for=\"form-field-field_6e195cc\" class=\"elementor-field-label\">\n\t\t\t\t\t\t\t\tNiveau Scolaire - \u0627\u0644\u0645\u062a\u0633\u0648\u0649 \u0627\u0644\u062f\u0631\u0627\u0633\u064a\t\t\t\t\t\t\t<\/label>\n\t\t\t\t\t\t\t\t<div class=\"elementor-field elementor-select-wrapper remove-before \">\n\t\t\t<div class=\"select-caret-down-wrapper\">\n\t\t\t\t<i aria-hidden=\"true\" class=\"eicon-caret-down\"><\/i>\t\t\t<\/div>\n\t\t\t<select name=\"form_fields[field_6e195cc]\" id=\"form-field-field_6e195cc\" class=\"elementor-field-textual elementor-size-md\" required=\"required\" aria-required=\"true\">\n\t\t\t\t\t\t\t\t\t<option value=\"Niveau Bac\">Niveau Bac<\/option>\n\t\t\t\t\t\t\t\t\t<option value=\"Baccalaur\u00e9at\">Baccalaur\u00e9at<\/option>\n\t\t\t\t\t\t\t\t\t<option value=\"Baccalaur\u00e9at et plus\">Baccalaur\u00e9at et plus<\/option>\n\t\t\t\t\t\t\t<\/select>\n\t\t<\/div>\n\t\t\t\t\t\t<\/div>\n\t\t\t\t\t\t\t\t<div class=\"elementor-field-type-checkbox elementor-field-group elementor-column elementor-field-group-field_9998f4a elementor-col-100\">\n\t\t\t\t\t\t\t\t\t\t\t\t<label for=\"form-field-field_9998f4a\" class=\"elementor-field-label\">\n\t\t\t\t\t\t\t\tDomaine de Formation - \u0627\u0644\u062a\u062e\u0635\u0635 \u0627\u0644\u0645\u0637\u0644\u0648\u0628\t\t\t\t\t\t\t<\/label>\n\t\t\t\t\t\t<div class=\"elementor-field-subgroup  \"><span class=\"elementor-field-option\"><input type=\"checkbox\" value=\"Infographie\" id=\"form-field-field_9998f4a-0\" name=\"form_fields[field_9998f4a][]\"> <label for=\"form-field-field_9998f4a-0\">Infographie<\/label><\/span><span class=\"elementor-field-option\"><input type=\"checkbox\" value=\"Infographie + webdesign\" id=\"form-field-field_9998f4a-1\" name=\"form_fields[field_9998f4a][]\"> <label for=\"form-field-field_9998f4a-1\">Infographie + webdesign<\/label><\/span><span class=\"elementor-field-option\"><input type=\"checkbox\" value=\"Infographie + cr\u00e9ation des sites web\" id=\"form-field-field_9998f4a-2\" name=\"form_fields[field_9998f4a][]\"> <label for=\"form-field-field_9998f4a-2\">Infographie + cr\u00e9ation des sites web<\/label><\/span><span class=\"elementor-field-option\"><input type=\"checkbox\" value=\"webdesign + cr\u00e9ation des sites web\" id=\"form-field-field_9998f4a-3\" name=\"form_fields[field_9998f4a][]\"> <label for=\"form-field-field_9998f4a-3\">webdesign + cr\u00e9ation des sites web<\/label><\/span><span class=\"elementor-field-option\"><input type=\"checkbox\" value=\"D\u00e9veloppement web Full-stack\" id=\"form-field-field_9998f4a-4\" name=\"form_fields[field_9998f4a][]\"> <label for=\"form-field-field_9998f4a-4\">D\u00e9veloppement web Full-stack<\/label><\/span><span class=\"elementor-field-option\"><input type=\"checkbox\" value=\"Comptabilit\u00e9 G\u00e9n\u00e9rale et Pratique\" id=\"form-field-field_9998f4a-5\" name=\"form_fields[field_9998f4a][]\"> <label for=\"form-field-field_9998f4a-5\">Comptabilit\u00e9 G\u00e9n\u00e9rale et Pratique<\/label><\/span><span class=\"elementor-field-option\"><input type=\"checkbox\" value=\"Secr\u00e9tariat et informatique\" id=\"form-field-field_9998f4a-6\" name=\"form_fields[field_9998f4a][]\"> <label for=\"form-field-field_9998f4a-6\">Secr\u00e9tariat et informatique<\/label><\/span><span class=\"elementor-field-option\"><input type=\"checkbox\" value=\"Assistant(e) de Direction\" id=\"form-field-field_9998f4a-7\" name=\"form_fields[field_9998f4a][]\"> <label for=\"form-field-field_9998f4a-7\">Assistant(e) de Direction<\/label><\/span><span class=\"elementor-field-option\"><input type=\"checkbox\" value=\"Gestion des entreprises \" id=\"form-field-field_9998f4a-8\" name=\"form_fields[field_9998f4a][]\"> <label for=\"form-field-field_9998f4a-8\">Gestion des entreprises <\/label><\/span><span class=\"elementor-field-option\"><input type=\"checkbox\" value=\"Gestion des entreprises informatis\u00e9e\" id=\"form-field-field_9998f4a-9\" name=\"form_fields[field_9998f4a][]\"> <label for=\"form-field-field_9998f4a-9\">Gestion des entreprises informatis\u00e9e<\/label><\/span><span class=\"elementor-field-option\"><input type=\"checkbox\" value=\"Gestion des entreprises et Comptabilit\u00e9\" id=\"form-field-field_9998f4a-10\" name=\"form_fields[field_9998f4a][]\"> <label for=\"form-field-field_9998f4a-10\">Gestion des entreprises et Comptabilit\u00e9<\/label><\/span><span class=\"elementor-field-option\"><input type=\"checkbox\" value=\"Marketing Digital et E-commerce\" id=\"form-field-field_9998f4a-11\" name=\"form_fields[field_9998f4a][]\"> <label for=\"form-field-field_9998f4a-11\">Marketing Digital et E-commerce<\/label><\/span><span class=\"elementor-field-option\"><input type=\"checkbox\" value=\"Autocad 2d \/3d\" id=\"form-field-field_9998f4a-12\" name=\"form_fields[field_9998f4a][]\"> <label for=\"form-field-field_9998f4a-12\">Autocad 2d \/3d<\/label><\/span><span class=\"elementor-field-option\"><input type=\"checkbox\" value=\"Archicad\" id=\"form-field-field_9998f4a-13\" name=\"form_fields[field_9998f4a][]\"> <label for=\"form-field-field_9998f4a-13\">Archicad<\/label><\/span><span class=\"elementor-field-option\"><input type=\"checkbox\" value=\"3D Studio Max\" id=\"form-field-field_9998f4a-14\" name=\"form_fields[field_9998f4a][]\"> <label for=\"form-field-field_9998f4a-14\">3D Studio Max<\/label><\/span><\/div>\t\t\t\t<\/div>\n\t\t\t\t\t\t\t\t<div class=\"elementor-field-type-select elementor-field-group elementor-column elementor-field-group-field_db17e24 elementor-col-100 elementor-field-required elementor-mark-required\">\n\t\t\t\t\t\t\t\t\t\t\t\t<label for=\"form-field-field_db17e24\" class=\"elementor-field-label\">\n\t\t\t\t\t\t\t\tChoisissez la Dur\u00e9e de la Formation - \u0645\u062f\u0629 \u0627\u0644\u062a\u0643\u0648\u064a\u0646\t\t\t\t\t\t\t<\/label>\n\t\t\t\t\t\t\t\t<div class=\"elementor-field elementor-select-wrapper remove-before \">\n\t\t\t<div class=\"select-caret-down-wrapper\">\n\t\t\t\t<i aria-hidden=\"true\" class=\"eicon-caret-down\"><\/i>\t\t\t<\/div>\n\t\t\t<select name=\"form_fields[field_db17e24]\" id=\"form-field-field_db17e24\" class=\"elementor-field-textual elementor-size-md\" required=\"required\" aria-required=\"true\">\n\t\t\t\t\t\t\t\t\t<option value=\"Dipl\u00f4me internationale - 6 Mois\">Dipl\u00f4me internationale - 6 Mois<\/option>\n\t\t\t\t\t\t\t\t\t<option value=\"Dipl\u00f4me internationale - 8 Mois\">Dipl\u00f4me internationale - 8 Mois<\/option>\n\t\t\t\t\t\t\t\t\t<option value=\"Formation certifiante - 3 Mois\">Formation certifiante - 3 Mois<\/option>\n\t\t\t\t\t\t\t<\/select>\n\t\t<\/div>\n\t\t\t\t\t\t<\/div>\n\t\t\t\t\t\t\t\t<div class=\"elementor-field-type-checkbox elementor-field-group elementor-column elementor-field-group-field_a6e9668 elementor-col-100\">\n\t\t\t\t\t\t\t\t\t\t\t\t<label for=\"form-field-field_a6e9668\" class=\"elementor-field-label\">\n\t\t\t\t\t\t\t\tChoisissez l'horaire qui vous convient - \u0627\u0644\u062a\u0648\u0642\u064a\u062a\t\t\t\t\t\t\t<\/label>\n\t\t\t\t\t\t<div class=\"elementor-field-subgroup  \"><span class=\"elementor-field-option\"><input type=\"checkbox\" value=\"Matin de 10h00 \u00e0 12h00\" id=\"form-field-field_a6e9668-0\" name=\"form_fields[field_a6e9668][]\"> <label for=\"form-field-field_a6e9668-0\">Matin de 10h00 \u00e0 12h00<\/label><\/span><span class=\"elementor-field-option\"><input type=\"checkbox\" value=\"Apr\u00e8s-midi de 14h00 \u00e0 16h00\" id=\"form-field-field_a6e9668-1\" name=\"form_fields[field_a6e9668][]\"> <label for=\"form-field-field_a6e9668-1\">Apr\u00e8s-midi de 14h00 \u00e0 16h00<\/label><\/span><span class=\"elementor-field-option\"><input type=\"checkbox\" value=\"Apr\u00e8s-midi de 16h00 \u00e0 18h00\" id=\"form-field-field_a6e9668-2\" name=\"form_fields[field_a6e9668][]\"> <label for=\"form-field-field_a6e9668-2\">Apr\u00e8s-midi de 16h00 \u00e0 18h00<\/label><\/span><span class=\"elementor-field-option\"><input type=\"checkbox\" value=\"Week-end de 10h00 \u00e0 13h00\" id=\"form-field-field_a6e9668-3\" name=\"form_fields[field_a6e9668][]\"> <label for=\"form-field-field_a6e9668-3\">Week-end de 10h00 \u00e0 13h00<\/label><\/span><span class=\"elementor-field-option\"><input type=\"checkbox\" value=\"Week-end de 15h00 \u00e0 18h00\" id=\"form-field-field_a6e9668-4\" name=\"form_fields[field_a6e9668][]\"> <label for=\"form-field-field_a6e9668-4\">Week-end de 15h00 \u00e0 18h00<\/label><\/span><span class=\"elementor-field-option\"><input type=\"checkbox\" value=\"Soir de 19h00 \u00e0 21h00\" id=\"form-field-field_a6e9668-5\" name=\"form_fields[field_a6e9668][]\"> <label for=\"form-field-field_a6e9668-5\">Soir de 19h00 \u00e0 21h00<\/label><\/span><\/div>\t\t\t\t<\/div>\n\t\t\t\t\t\t\t\t<div class=\"elementor-field-type-textarea elementor-field-group elementor-column elementor-field-group-message elementor-col-100\">\n\t\t\t\t\t\t\t\t\t\t\t\t<label for=\"form-field-message\" class=\"elementor-field-label\">\n\t\t\t\t\t\t\t\tMessage\t\t\t\t\t\t\t<\/label>\n\t\t\t\t\t\t<textarea class=\"elementor-field-textual elementor-field  elementor-size-md\" name=\"form_fields[message]\" id=\"form-field-message\" rows=\"4\"><\/textarea>\t\t\t\t<\/div>\n\t\t\t\t\t\t\t\t<div class=\"elementor-field-type-recaptcha_v3 elementor-field-group elementor-column elementor-field-group-field_048f9e7 elementor-col-100 recaptcha_v3-bottomleft\">\n\t\t\t\t\t<div class=\"elementor-field\" id=\"form-field-field_048f9e7\"><div class=\"elementor-g-recaptcha\" data-sitekey=\"6LfdD5ssAAAAAMKw_uV8h2eYhKRbSbZOPxUVzjGM\" data-type=\"v3\" data-action=\"Form\" data-badge=\"bottomleft\" data-size=\"invisible\"><\/div><\/div>\t\t\t\t<\/div>\n\t\t\t\t\t\t\t\t<div class=\"elementor-field-group elementor-column elementor-field-type-submit elementor-col-100 e-form__buttons\">\n\t\t\t\t\t<button type=\"submit\" class=\"elementor-button elementor-size-sm\">\n\t\t\t\t\t\t<span >\n\t\t\t\t\t\t\t\t\t\t\t\t\t\t\t<span class=\"elementor-align-icon-left elementor-button-icon\">\n\t\t\t\t\t\t\t\t\t<i aria-hidden=\"true\" class=\"far fa-check-circle\"><\/i>\t\t\t\t\t\t\t\t\t\t\t\t\t\t\t\t\t<\/span>\n\t\t\t\t\t\t\t\t\t\t\t\t\t\t\t\t\t\t\t\t\t\t<span class=\"elementor-button-text\">Envoyer<\/span>\n\t\t\t\t\t\t\t\t\t\t\t\t\t<\/span>\n\t\t\t\t\t<\/button>\n\t\t\t\t<\/div>\n\t\t\t<\/div>\n\t\t<\/form>\n\t\t\t\t\t\t<\/div>\n\t\t\t\t<\/div>\n\t\t\t\t\t<\/div>\n\t\t<\/div>\n\t\t\t\t\t<\/div>\n\t\t<\/section>\n\t\t\t\t<\/div>\n\t\t","protected":false},"excerpt":{"rendered":"<p>fiche d&rsquo;inscription Pour vous inscrire, veuillez remplir la fiche d&rsquo;inscription ci-dessous.<\/p>\n","protected":false},"author":1,"featured_media":0,"parent":0,"menu_order":0,"comment_status":"closed","ping_status":"closed","template":"","meta":{"ngg_post_thumbnail":0,"footnotes":""},"class_list":["post-690","page","type-page","status-publish","hentry"],"_hostinger_reach_plugin_has_subscription_block":false,"_hostinger_reach_plugin_is_elementor":false,"_links":{"self":[{"href":"https:\/\/institutbigacademy.com\/website\/wp-json\/wp\/v2\/pages\/690","targetHints":{"allow":["GET"]}}],"collection":[{"href":"https:\/\/institutbigacademy.com\/website\/wp-json\/wp\/v2\/pages"}],"about":[{"href":"https:\/\/institutbigacademy.com\/website\/wp-json\/wp\/v2\/types\/page"}],"author":[{"embeddable":true,"href":"https:\/\/institutbigacademy.com\/website\/wp-json\/wp\/v2\/users\/1"}],"replies":[{"embeddable":true,"href":"https:\/\/institutbigacademy.com\/website\/wp-json\/wp\/v2\/comments?post=690"}],"version-history":[{"count":185,"href":"https:\/\/institutbigacademy.com\/website\/wp-json\/wp\/v2\/pages\/690\/revisions"}],"predecessor-version":[{"id":4406,"href":"https:\/\/institutbigacademy.com\/website\/wp-json\/wp\/v2\/pages\/690\/revisions\/4406"}],"wp:attachment":[{"href":"https:\/\/institutbigacademy.com\/website\/wp-json\/wp\/v2\/media?parent=690"}],"curies":[{"name":"wp","href":"https:\/\/api.w.org\/{rel}","templated":true}]}}